
227
Let n be (-22)/6*(-198)/(-11). Let l = 14 - n. List the prime factors of l.
2, 5
Let g = 37 + -35. What are the prime factors of (-3)/7 - -706*g/28?
2, 5
Let k(r) = -2*r**2 + 24*r - 4. What are the prime factors of k(8)?
2, 3, 5
Let q be (-6)/4 + 12/(-8). Let g(n) = -2*n**3 + 2*n**2 + 2*n - 3. What are the prime factors of g(q)?
3, 7
Let a be (-3)/5 + 2484/90. Let r = -5 + a. List the prime factors of r.
2, 11
List the prime factors of -129*134*(-13)/39.
2, 43, 67
Let n(f) = -f**3 - 9*f**2 - 7*f + 10. Let t be n(-8). Suppose 6*i - t*i + 16 = 0. List the prime factors of 59*1*(-4)/i.
59
Suppose 13 = 3*g + 4. Suppose 2*v + p = 3*v - 162, g*v = -2*p + 496. What are the prime factors of v?
2, 41
Let b = 2252 - 574. What are the prime factors of b?
2, 839
Let s(h) = -h**3 - 7*h**2 + 8*h + 2. Let q be s(-8). Let x(f) = 3 + 3*f**2 - f**3 - 8*f**q + 10*f**2 + 7*f + 2. List the prime factors of x(6).
11
Let f(s) be the second derivative of s**3/2 + 47*s**2/2 + 17*s - 2. List the prime factors of f(18).
101
Let s = -125 + 975. List the prime factors of s.
2, 5, 17
Suppose -5*z - x + 15 = 0, 17 + 8 = 5*x. Let n(f) = -7 + 0 + f + z. List the prime factors of n(13).
2
Suppose -2*r + r = -4*d - 121, 0 = 2*r - 2. What are the prime factors of (-70)/(-4)*(126/d + 5)?
2, 7
Suppose -3*c + c + 98 = -5*p, -5*c = -5*p - 215. Suppose 4*u + 7*i - 2*i = 15, 0 = 3*i + 3. Suppose u*g - c = 71. What are the prime factors of g?
2, 11
Let k(q) = 5*q**2 + 10*q + 1. Let g(d) = 6*d**2 + 11*d + 2. Let o(i) = 6*g(i) - 7*k(i). List the prime factors of o(8).
37
Suppose 4*j + 21 = 5. List the prime factors of (40/(-3))/((-222)/54 - j).
2, 3, 5
Let n(h) = 60*h. Let s(f) = 2*f - 7. Let p be s(4). List the prime factors of n(p).
2, 3, 5
Suppose 351 = 3*y + 75. Let t = 21 + y. What are the prime factors of t?
113
Let n = 105 + -94. Suppose -2*c + n*c = 3015. List the prime factors of c.
5, 67
Suppose -4*w = x - 1356 - 1099, -5*x - 4*w = -12275. List the prime factors of x.
5, 491
Suppose -9 - 13 = 2*p - 2*w, 0 = -2*p + w - 23. Let n = p + 191. What are the prime factors of n?
179
Let m be (-3)/6*474/(-3). Suppose -t + m = -42. Suppose -5*p - 4*i = -83, t - 30 = 4*p - 5*i. What are the prime factors of p?
19
Let z(d) = -1459*d**3 + d**2 + 3*d + 1. Let r be z(-1). What are the prime factors of (-6)/9*r/(-6)?
2, 3
Let p be (-2 + (1 - 0))*-11. Suppose -279 = 8*q - p*q. List the prime factors of q.
3, 31
Suppose r - 6 = -2. List the prime factors of (r - (-1005)/12) + 1/4.
2, 11
Let p be ((-4)/(-3))/((-24)/(-36)). Suppose -143 = -p*k + 131. Let r = k - 82. List the prime factors of r.
5, 11
Let r(v) = -v**2 - 56*v - 9. List the prime factors of r(-23).
2, 3, 5
Let r(z) = -59*z + 1. Let o be r(-2). Suppose -2*k = -3*u + 185, -3*k = 4*u - 2*u - o. List the prime factors of u.
61
Let m = 21 - -180. Let j = m + -74. What are the prime factors of j?
127
Let b = 0 - -5. Suppose i = -i - 6, b*p + i = 252. Suppose j - 68 = -4*o, 0*o + 3*o - p = 5*j. What are the prime factors of o?
17
Let g = 20 + -8. Let w = -2 + g. Suppose -14*o = -13*o - w. What are the prime factors of o?
2, 5
Let z(k) = -5*k**3 - 14*k**2 - 17*k - 2. Let m(a) = 6*a**3 + 14*a**2 + 17*a + 1. Let j(x) = -6*m(x) - 7*z(x). List the prime factors of j(15).
2, 19
Suppose 4*j + 2 - 406 = 0. What are the prime factors of j?
101
Let m(d) = d + 52. Let p be m(-14). What are the prime factors of ((-90)/30)/((-2)/p)?
3, 19
Let h(n) = -n**2 + 4*n + 13. Let a(r) = r + 1. Let z(y) = -5*a(y) + h(y). Let x be z(-4). Let v = x - -22. What are the prime factors of v?
2, 3
Suppose 3*v - 110 = 8*v. Let x = v - -83. What are the prime factors of x?
61
Suppose 5*x + 46 = z, 0 = 3*z - 2*x - 2*x - 138. List the prime factors of (-4308)/(-14) + z/161.
2, 7, 11
Let i = 11669 - 8035. What are the prime factors of i?
2, 23, 79
Let l(a) = -3*a**3 + 2*a - 1. Suppose -m = x + 1, 4*x = -2*m - x - 17. Suppose -m = 3*u + 2. What are the prime factors of l(u)?
19
Let x(q) = -q**3 + 9*q**2 - 8*q + 3. Let y be 1/(1 - (-14)/(-16)). Let v be x(y). List the prime factors of 15/10*16/v.
2
Let o be (-1)/(5/(-15)) + -1. Suppose -3*f + 50 = o. What are the prime factors of 4*4/f*19?
19
Let c be ((-12)/(-21))/((-8)/(-56)). Suppose m = 4*m, -c*m = 4*k - 76. What are the prime factors of k?
19
List the prime factors of 2 - (1 - (83 - 7)).
7, 11
Let p(k) = -2*k - 3. Let q be p(-4). Suppose -q = -4*s + 3. Suppose 5*r + 129 = 4*v, -3*v + 38 + 76 = s*r. List the prime factors of v.
2, 3
Suppose -3*m = -1 + 4, -4*m = 3*o - 158. Suppose -n = -10*n + o. List the prime factors of n.
2, 3
Let s(b) = -b**3 + 9*b**2 + 15*b - 13. Let j be s(10). Let m = j - 27. List the prime factors of m.
2, 5
Let h = 3689 - 2456. What are the prime factors of h?
3, 137
Let c = 13 - 36. Let t(k) = k**3 + 23*k**2 - 4*k + 18. List the prime factors of t(c).
2, 5, 11
Suppose f - 58 = -4*w, -4*w = -3*w + 4*f - 7. Let o(m) = 6*m**2 - 4*m - 7. Let g be o(-3). Let t = g - w. What are the prime factors of t?
2, 11
Let n = 920 + -1631. List the prime factors of 0 + 7/((-21)/n).
3, 79
Let g be 74/26 - 2/(-13). Suppose -4*i = -5*y + 3 + 2, -4 = g*i - 4*y. Suppose -5*f + a = -125, -2*f + 5*f + 3*a - 93 = i. List the prime factors of f.
2, 13
Let a(w) = -w**2 + 4*w + 5. Let g be a(4). Let s = g + 34. What are the prime factors of s?
3, 13
Suppose -5*j - 4*b = -2*b + 3, -j = -b - 5. Let a be (2/6)/(j/45). Suppose -a = -10*r + 5*r. What are the prime factors of r?
3
Let b(w) = 2*w + 11 + 4 - w**2 - 3*w. Suppose 30*k + 5 - 5 = 0. List the prime factors of b(k).
3, 5
Suppose -m - a = -470, 3*m = 5*m + 5*a - 928. List the prime factors of m.
2, 3, 79
Suppose 2*a - 346 = 3*k, -4*a = 3*k - 112 - 616. List the prime factors of a.
179
Let r(j) = -2*j**2 + 101*j - 93. List the prime factors of r(39).
2, 3, 67
Suppose -5 = -k - 2*k + t, 5*k - 4*t = 6. Suppose 138 = -4*b + k*l + l, -3*b - l - 97 = 0. Let z = b - -64. List the prime factors of z.
31
Let d be -5 - -3*70/(-15). Let u = d + 241. What are the prime factors of u?
2, 3, 37
Let v(t) = t**3 + 2*t**2 - 3*t + 2. Let x be v(-3). Suppose 205 = 7*r - x*r. Suppose r + 224 = 5*d. What are the prime factors of d?
53
Suppose -90 = 16*h - 11*h. Let f be (h/(-21))/((-1)/(-7)). Suppose p + 5*x = 40, 0 = -2*p - x + f*x + 95. What are the prime factors of p?
3, 5
Suppose -14*z + 6*z = -120. Suppose -z = -s + 96. List the prime factors of s.
3, 37
Let m = -39 + 21. What are the prime factors of 8/(-36) - 1048/m?
2, 29
Let c(v) = 10*v**2 - 6*v + 19. List the prime factors of c(4).
5, 31
Suppose 3*l - 5*z - 679 = 0, z = -l + 5*z + 217. Suppose 5*f = 3*r + 660, -31 = -2*f + 3*r + l. What are the prime factors of f?
2, 3, 11
Let j be (-913)/6 - (-17)/102. Let a = 308 + j. List the prime factors of a.
2, 3, 13
Suppose 1078 + 1222 = 4*s + 2*g, 2*s + 4*g = 1162. Suppose -4*b + 4*q = -s - 315, 234 = b + 3*q. What are the prime factors of b?
3, 5
Suppose 5*q = 9*q. Suppose q = 5*v + 5*t - 430, -2*v + 107 = -5*t - 65. What are the prime factors of v?
2, 43
Suppose 2*j = -j - l - 472, -3*j + 2*l = 478. Let p = 281 + j. What are the prime factors of p?
3, 41
Let t(x) = 2*x**2 - 17*x + 11. Let y be t(8). What are the prime factors of ((-5)/15)/(y/(-153))?
17
Let n = 20 - 33. Let m(b) be the third derivative of -b**6/120 - 7*b**5/30 - 7*b**4/12 - 5*b**3/6 + b**2. List the prime factors of m(n).
2
Suppose -4*f + 2055 = 4*i - 173, -4*i - 5*f + 2226 = 0. List the prime factors of i.
13, 43
Let k(o) = -o**3 - o**2 + o + 2. Let u be k(0). Let h(p) = 7*p - 4*p - p - 1 + u. List the prime factors of h(2).
5
Let c = -14 + 20. Let p be -3 + 6*8/c. Suppose l - 43 = 4*g, p*l + 0*g - 191 = -4*g. What are the prime factors of l?
3, 13
Suppose 0 = 9*d - 12*d - 126. List the prime factors of d/(-4)*1056/36.
2, 7, 11
Let d(u) = 4*u - 3*u - 2*u + 13. List the prime factors of d(-8).
3, 7
Suppose -2*v + u + 3 = -v, -1 = v + 3*u. Let n(d) = 23*d + 6. List the prime factors of n(v).
2, 13
Suppose 11*g - 3 = 12*g. What are the prime factors of (-272)/g + (-2)/(-6)?
7, 13
Let w(k) = -k**3 - 8*k**2 - 7*k + 5. Let h be w(-7). Suppose 5*q - 10 = h*o, -4*o - 3 = -q - 2*q. Suppose -5*c + 32 = -o*c. List the prime factors of c.
2
Let w(j) = -j**3 + j**2 + 60. Let u be w(0). Suppose -1041*q + 1047*q - 18 = 0. Supp